{"id":132,"date":"2025-12-30T22:28:44","date_gmt":"2025-12-30T21:28:44","guid":{"rendered":"https:\/\/nellypaboeufpsychanalyste.fr\/?page_id=132"},"modified":"2026-03-22T09:03:26","modified_gmt":"2026-03-22T08:03:26","slug":"psychanalyse","status":"publish","type":"page","link":"https:\/\/nellypaboeufpsychanalyste.fr\/?page_id=132","title":{"rendered":"Psychanalyse"},"content":{"rendered":"\n<h2 class=\"wp-block-heading\">Les s\u00e9ances<\/h2>\n\n\n\n<p><strong><mark style=\"background-color:rgba(0, 0, 0, 0)\" class=\"has-inline-color has-vivid-green-cyan-color\">Ces s\u00e9ances <\/mark><\/strong>s&rsquo;adressent aux <strong><mark style=\"background-color:rgba(0, 0, 0, 0)\" class=\"has-inline-color has-vivid-green-cyan-color\">adultes<\/mark><\/strong> et <strong><mark style=\"background-color:rgba(0, 0, 0, 0)\" class=\"has-inline-color has-vivid-green-cyan-color\">adolescents<\/mark><\/strong>.<\/p>\n\n\n\n<h4 class=\"wp-block-heading\"><strong><mark style=\"background-color:rgba(0, 0, 0, 0)\" class=\"has-inline-color has-vivid-green-cyan-color\">Comment se d\u00e9roulent-elles&nbsp;?<\/mark><\/strong><\/h4>\n\n\n\n<p>Elles sont <strong>individuelles<\/strong> et se d\u00e9roulent en cabinet :<\/p>\n\n\n\n<ul class=\"wp-block-list\">\n<li>Dans un <strong>cadre \u00e9thique et bienveillant<\/strong> qui permet une parole libre, au sein d\u2019un espace o\u00f9 tout peut \u00eatre dit et entendu, gr\u00e2ce \u00e0 une <strong>\u00e9coute neutre et attentive.<\/strong><\/li>\n\n\n\n<li>Dans le <strong>respect du rythme de chacun<\/strong>, je peux vous accompagner sur un temps plus ou moins long, selon les situations.<\/li>\n\n\n\n<li><strong>En face \u00e0 face<\/strong> dans le cadre d\u2019une th\u00e9rapie analytique.<\/li>\n\n\n\n<li><strong>Sur le divan<\/strong> que je pourrai vous proposer selon la situation. Il permet au patient de s\u2019exprimer plus librement sans le regard du th\u00e9rapeute afin d\u2019explorer <strong>l\u2019inconscient<\/strong> et d\u00e9nouer les liens qui entravent.<\/li>\n<\/ul>\n\n\n\n<h4 class=\"wp-block-heading\"><strong><mark style=\"background-color:rgba(0, 0, 0, 0)\" class=\"has-inline-color has-vivid-green-cyan-color\">Combien co\u00fbtent-elles&nbsp;?<\/mark><\/strong><\/h4>\n\n\n\n<ul class=\"wp-block-list\">\n<li><strong>S\u00e9ances adultes \u00a0: <\/strong>\u00a060 \u20ac \/ s\u00e9ance. Dur\u00e9e 45\u2019<\/li>\n\n\n\n<li><strong>S\u00e9ances adolescents &amp; jeunes adultes<\/strong><em> (jusqu&rsquo;\u00e0 25 ans<\/em>)\u00a0: 50 \u20ac \/ s\u00e9ance. Dur\u00e9e 30-45\u2019<\/li>\n<\/ul>\n\n\n\n<p>Les s\u00e9ances ne sont pas prises en charge par l&rsquo;Assurance Maladie. Toutefois, certaines mutuelles proposent un forfait annuel&nbsp;pour ce type de th\u00e9rapie (se renseigner aupr\u00e8s de votre compl\u00e9mentaire sant\u00e9).&nbsp;<\/p>\n","protected":false},"excerpt":{"rendered":"<p>Les s\u00e9ances Ces s\u00e9ances s&rsquo;adressent aux adultes et adolescents. Comment se d\u00e9roulent-elles&nbsp;? Elles sont individuelles et se d\u00e9roulent en cabinet : Combien co\u00fbtent-elles&nbsp;? Les s\u00e9ances ne sont pas prises en charge par l&rsquo;Assurance Maladie. Toutefois, certaines mutuelles proposent un forfait annuel&nbsp;pour ce type de th\u00e9rapie (se renseigner aupr\u00e8s de votre compl\u00e9mentaire sant\u00e9).&nbsp;<\/p>\n","protected":false},"author":1,"featured_media":36,"parent":0,"menu_order":0,"comment_status":"closed","ping_status":"closed","template":"","meta":{"footnotes":""},"class_list":["post-132","page","type-page","status-publish","has-post-thumbnail","hentry"],"_links":{"self":[{"href":"https:\/\/nellypaboeufpsychanalyste.fr\/index.php?rest_route=\/wp\/v2\/pages\/132","targetHints":{"allow":["GET"]}}],"collection":[{"href":"https:\/\/nellypaboeufpsychanalyste.fr\/index.php?rest_route=\/wp\/v2\/pages"}],"about":[{"href":"https:\/\/nellypaboeufpsychanalyste.fr\/index.php?rest_route=\/wp\/v2\/types\/page"}],"author":[{"embeddable":true,"href":"https:\/\/nellypaboeufpsychanalyste.fr\/index.php?rest_route=\/wp\/v2\/users\/1"}],"replies":[{"embeddable":true,"href":"https:\/\/nellypaboeufpsychanalyste.fr\/index.php?rest_route=%2Fwp%2Fv2%2Fcomments&post=132"}],"version-history":[{"count":8,"href":"https:\/\/nellypaboeufpsychanalyste.fr\/index.php?rest_route=\/wp\/v2\/pages\/132\/revisions"}],"predecessor-version":[{"id":220,"href":"https:\/\/nellypaboeufpsychanalyste.fr\/index.php?rest_route=\/wp\/v2\/pages\/132\/revisions\/220"}],"wp:featuredmedia":[{"embeddable":true,"href":"https:\/\/nellypaboeufpsychanalyste.fr\/index.php?rest_route=\/wp\/v2\/media\/36"}],"wp:attachment":[{"href":"https:\/\/nellypaboeufpsychanalyste.fr\/index.php?rest_route=%2Fwp%2Fv2%2Fmedia&parent=132"}],"curies":[{"name":"wp","href":"https:\/\/api.w.org\/{rel}","templated":true}]}}